{"id":1358,"date":"2025-12-08T13:20:56","date_gmt":"2025-12-08T11:20:56","guid":{"rendered":"https:\/\/ketosoftware.com\/?page_id=1358"},"modified":"2025-12-12T12:15:58","modified_gmt":"2025-12-12T10:15:58","slug":"compare-keto","status":"publish","type":"page","link":"http:\/\/83.143.220.118\/~keto\/compare-keto\/","title":{"rendered":"Keto vs Legacy vendors: Strategic Portfolio Management comparison"},"content":{"rendered":"\n<section class=\"hero-section featured-post-hero-section competitor-hero position-relative\">\n\t\t\n\t<div class=\"blur-area-vertical blur-top\"><\/div>\n\t<div class=\"blur-area-vertical blur-bottom\"><\/div>\n\n\n\t<div class=\"hero-media-clip\"> \n\n\t\t<!-- <div class=\"tint tint__20\"><\/div> -->\n\t\t\n\t\t<div class=\"hero-content position-relative competition-hero-content\">\n\t\t\t<div class=\"container\">\n\t\t\t\t<div class=\"row\">\n\t\t\t\t\t<div class=\"col-11 col-lg-5 col-md-6\">\n\t\t\t\n\t\t\t\t\t\t<h1 class=\"heading white\">\n\t\t\t\t\t\t\tAnother price increase? Still implementing?\t\t\t\t\t\t<\/h1>\n\t\t\t\t\t\t<p class=\"hero-lead-paragraph white\">\n\t\t\t\t\t\t\tThere\u2019s a faster, smarter way to run strategy. Compare your platform with Keto, and choose the right option for you.\t\t\t\t\t\t<\/p>\n\t\t\t\t\t\t<div class=\"competition-hero-links\">\n\t\t\t\t\t\t\t\t\t\t\t\t\t\t\t<a class=\"button\" href=\"#compare\" target=\"_self\">See how Keto compares<\/a>\n\t\t\t\t\t\t\t\t\t\n\t\t\t\t\t\t\t\n\t\t\t\t\t\t\t\t\t\t\t\t\t\t\t<a class=\"button white-button\" href=\"http:\/\/83.143.220.118\/~keto\/blog-article\/strategic-migration-from-legacy-systems\/\" target=\"_self\">Get a migration deal<\/a>\n\t\t\t\t\t\t\t\t\t\n\t\t\t\t\t\t\t\n\t\t\t\t\t\t\t\t\t\t\t\t\t\t\t\n\t\t\t\t\t\t<\/div>\t\t\n\t\t\t\t\t\t\n\t\t\t\t\t\t\n\t\t\t\t\t\t\n\t\t\t\t\t<\/div>\n\t\t\t\t<\/div>\n\t\t\t<\/div>\n\t\t<\/div>\t\n\t<\/div>\n\t\n\t<div class=\"visual-elements\">\n\t\t<div class=\"competition-screen\">\n\t\t\t<img decoding=\"async\" src=\"http:\/\/83.143.220.118\/~keto\/wp-content\/themes\/dgtl\/img\/mac.png\" alt=\"\" aria-hidden=\"true\"\/>\n\t\t<\/div>\n\t\t\n\t\t<div class=\"competition-flowers\">\n\t\t\t<img decoding=\"async\" src=\"http:\/\/83.143.220.118\/~keto\/wp-content\/themes\/dgtl\/img\/flower_c.png\" alt=\"\" aria-hidden=\"true\"\/>\n\t\t<\/div>\n\t<\/div>\n\n\n<\/section>\n\n<section class=\"logos-section white-logo-replace\">\n\t<div class=\"swiper logo-swiper\">\n\t\t<div class=\"swiper-wrapper\">\n\t\t\t\n\t\t\t\t\t\t\t\t\t\n\t\t\t\t\t\t\t\n\t\t\t\t<div class=\"swiper-slide\">\n\n\t\t\t\t\t<img decoding=\"async\" src=\"http:\/\/83.143.220.118\/~keto\/wp-content\/uploads\/2025\/08\/andritz_logo.png\" alt=\"\">\n\t\t\t\t\t\n\t\t\t\t<\/div>\n\t\t\t\n\t\t\t\t\t\t\n\t\t\t\t\t\t\t\n\t\t\t\t<div class=\"swiper-slide\">\n\n\t\t\t\t\t<img decoding=\"async\" src=\"http:\/\/83.143.220.118\/~keto\/wp-content\/uploads\/2025\/08\/danfoss_slider_2.png\" alt=\"\">\n\t\t\t\t\t\n\t\t\t\t<\/div>\n\t\t\t\n\t\t\t\t\t\t\n\t\t\t\t\t\t\t\n\t\t\t\t<div class=\"swiper-slide\">\n\n\t\t\t\t\t<img decoding=\"async\" src=\"http:\/\/83.143.220.118\/~keto\/wp-content\/uploads\/2025\/08\/tata_steel.png\" alt=\"\">\n\t\t\t\t\t\n\t\t\t\t<\/div>\n\t\t\t\n\t\t\t\t\t\t\n\t\t\t\t\t\t\t\n\t\t\t\t<div class=\"swiper-slide\">\n\n\t\t\t\t\t<img decoding=\"async\" src=\"http:\/\/83.143.220.118\/~keto\/wp-content\/uploads\/2025\/08\/valmet_logo.png\" alt=\"\">\n\t\t\t\t\t\n\t\t\t\t<\/div>\n\t\t\t\n\t\t\t\t\t\t\n\t\t\t\t\t\t\t\n\t\t\t\t<div class=\"swiper-slide\">\n\n\t\t\t\t\t<img decoding=\"async\" src=\"http:\/\/83.143.220.118\/~keto\/wp-content\/uploads\/2025\/08\/metso_logo.png\" alt=\"\">\n\t\t\t\t\t\n\t\t\t\t<\/div>\n\t\t\t\n\t\t\t\t\t\t\n\t\t\t\t\t\t\t\n\t\t\t\t<div class=\"swiper-slide\">\n\n\t\t\t\t\t<img decoding=\"async\" src=\"http:\/\/83.143.220.118\/~keto\/wp-content\/uploads\/2025\/08\/kone_slider.png\" alt=\"\">\n\t\t\t\t\t\n\t\t\t\t<\/div>\n\t\t\t\n\t\t\t\t\t\n\t\t\t\n\t\t<\/div>\n\t  <\/div>\n<\/section><!--section-->\n\n  <!-- Initialize Swiper -->\n  <script>\n\tvar swiper = new Swiper(\".logo-swiper\", {\n\t  spaceBetween: 30,\n\t  freeMode: true,\n\t  mousewheel: true,\n\n  \n\t  mousewheel: {\n\t\t  forceToAxis: true,   \/\/ ottaa huomioon vain sen akselin jota swiper k\u00e4ytt\u00e4\u00e4\n\t\t  releaseOnEdges: true \/\/ kun ollaan sliderin alussa\/lopussa, anna sivun scrollata\n\t\t},\n\n\t  \n\t  breakpoints: {\n\t\t320: {\n\t\t  slidesPerView: \"auto\",\n\t\t  spaceBetween: 0,\n\t\t},\n\t\t768: {\n\t\t  slidesPerView: 4.5,\n\t\t  spaceBetween: 40,\n\t\t},\n\t\t1024: {\n\t\t  slidesPerView: 6,\n\t\t  spaceBetween: 50,\n\t\t},\n\t  },\n\t \n\t});\n  <\/script>\n\n\n<section class=\"text-section white-logo-replace white-logo-replace\">\n\t<div class=\"container\">\n\t\t<div class=\"row justify-content-center\">\n\t\t\t<div class=\"col-12 col-md-10 col-lg-8 \">\n\t\t\t\t<p>Legacy vendors keep merging, rebranding, and raising prices, but not delivering faster results. KetoAI+ is agile, purpose-built for Strategic Portfolio Management, and ready in weeks.<\/p>\n<p>No endless consulting projects. No bolt-on modules. One platform, one database, one truth.<\/p>\n\t\t\t<\/div>\n\t\t<\/div>\n\t<\/div>\n<\/section>\n\t\t\n\n\n<section id=\"compare_keto\" class=\"keto-comparison white-logo-replace\">\n  <div class=\"container\">\n\n\t\n\t<div class=\"row g-0 justify-content-center\">\n\t  <div class=\"col-md-12 col-xl-12\">\n\n\t\t<div class=\"keto-comparison-inner\">\n\n\t\t  <!-- Otsikkorivi -->\n\t\t  <div class=\"row g-0 keto-comparison-head\">\n\t\t\t<div class=\"col-md-2 d-none d-md-block\"><\/div>\n\n\t\t\t<div class=\"col-6 col-md-5\">\n\t\t\t  \t\t\t\t<h3 class=\"keto-comparison-heading highlighted-heading\">\n\t\t\t\t  KetoAI+\t\t\t\t<\/h3>\n\t\t\t  \t\t\t<\/div>\n\n\t\t\t<div class=\"col-6 col-md-5\">\n\t\t\t  \t\t\t\t<h3 class=\"keto-comparison-heading\">\n\t\t\t\t  Legacy vendors\t\t\t\t<\/h3>\n\t\t\t  \t\t\t<\/div>\n\t\t  <\/div>\n\n\t\t  <!-- Data-rivit -->\n\t\t  \t\t\t<div class=\"row g-0 keto-comparison-row\">\n\n\t\t\t  <!-- Label-sarake -->\n\t\t\t  <div class=\"col-md-2 col-12 d-md-flex align-items-center\">\n\t\t\t\t<div class=\"keto-comparison-label\">\n\t\t\t\t  Architecture\t\t\t\t<\/div>\n\t\t\t  <\/div>\n\n\t\t\t  <!-- Keskisolu (SININEN tausta) -->\n\t\t\t  <div class=\"col-6 col-md-5\">\n\t\t\t\t<div class=\"keto-col-center keto-comparison-item keto-comparison-item-left\">\n\t\t\t\t\t<div class=\"keto-comparison-text-wrapper\">\n\t\t\t\t\t\t<div class=\"keto-comparison-text\">\n\t\t\t\t\t\t\tOne unified data model\t\t\t\t\t\t<\/div>\n\t\t\t\t\t<\/div>\n\t\t\t\t<\/div>\n\t\t\t  <\/div>\n\n\t\t\t  <!-- Oikea solu -->\n\t\t\t  <div class=\"col-6 col-md-5\">\n\t\t\t\t<div class=\"keto-comparison-item keto-comparison-item-right\">\n\t\t\t\t\t<div class=\"keto-comparison-text-wrapper\">\n\t\t\t\t\t\t<div class=\"keto-comparison-text\">\n\t\t\t\t\t\t\tAcquired tools, multiple databases\t\t\t\t\t\t<\/div>\n\t\t\t\t\t<\/div>\n\t\t\n\t\t\t\t<\/div>\n\t\t\t  <\/div>\n\n\t\t\t<\/div>\n\t\t  \t\t\t<div class=\"row g-0 keto-comparison-row\">\n\n\t\t\t  <!-- Label-sarake -->\n\t\t\t  <div class=\"col-md-2 col-12 d-md-flex align-items-center\">\n\t\t\t\t<div class=\"keto-comparison-label\">\n\t\t\t\t  Speed\t\t\t\t<\/div>\n\t\t\t  <\/div>\n\n\t\t\t  <!-- Keskisolu (SININEN tausta) -->\n\t\t\t  <div class=\"col-6 col-md-5\">\n\t\t\t\t<div class=\"keto-col-center keto-comparison-item keto-comparison-item-left\">\n\t\t\t\t\t<div class=\"keto-comparison-text-wrapper\">\n\t\t\t\t\t\t<div class=\"keto-comparison-text\">\n\t\t\t\t\t\t\tLive in weeks\t\t\t\t\t\t<\/div>\n\t\t\t\t\t<\/div>\n\t\t\t\t<\/div>\n\t\t\t  <\/div>\n\n\t\t\t  <!-- Oikea solu -->\n\t\t\t  <div class=\"col-6 col-md-5\">\n\t\t\t\t<div class=\"keto-comparison-item keto-comparison-item-right\">\n\t\t\t\t\t<div class=\"keto-comparison-text-wrapper\">\n\t\t\t\t\t\t<div class=\"keto-comparison-text\">\n\t\t\t\t\t\t\tImplementation in 12\u201318 months\t\t\t\t\t\t<\/div>\n\t\t\t\t\t<\/div>\n\t\t\n\t\t\t\t<\/div>\n\t\t\t  <\/div>\n\n\t\t\t<\/div>\n\t\t  \t\t\t<div class=\"row g-0 keto-comparison-row\">\n\n\t\t\t  <!-- Label-sarake -->\n\t\t\t  <div class=\"col-md-2 col-12 d-md-flex align-items-center\">\n\t\t\t\t<div class=\"keto-comparison-label\">\n\t\t\t\t  AI Capability\t\t\t\t<\/div>\n\t\t\t  <\/div>\n\n\t\t\t  <!-- Keskisolu (SININEN tausta) -->\n\t\t\t  <div class=\"col-6 col-md-5\">\n\t\t\t\t<div class=\"keto-col-center keto-comparison-item keto-comparison-item-left\">\n\t\t\t\t\t<div class=\"keto-comparison-text-wrapper\">\n\t\t\t\t\t\t<div class=\"keto-comparison-text\">\n\t\t\t\t\t\t\tAI-native \u2014 your model or ours\t\t\t\t\t\t<\/div>\n\t\t\t\t\t<\/div>\n\t\t\t\t<\/div>\n\t\t\t  <\/div>\n\n\t\t\t  <!-- Oikea solu -->\n\t\t\t  <div class=\"col-6 col-md-5\">\n\t\t\t\t<div class=\"keto-comparison-item keto-comparison-item-right\">\n\t\t\t\t\t<div class=\"keto-comparison-text-wrapper\">\n\t\t\t\t\t\t<div class=\"keto-comparison-text\">\n\t\t\t\t\t\t\tAcquired tools, multiple databases\t\t\t\t\t\t<\/div>\n\t\t\t\t\t<\/div>\n\t\t\n\t\t\t\t<\/div>\n\t\t\t  <\/div>\n\n\t\t\t<\/div>\n\t\t  \t\t\t<div class=\"row g-0 keto-comparison-row\">\n\n\t\t\t  <!-- Label-sarake -->\n\t\t\t  <div class=\"col-md-2 col-12 d-md-flex align-items-center\">\n\t\t\t\t<div class=\"keto-comparison-label\">\n\t\t\t\t  Configuration\t\t\t\t<\/div>\n\t\t\t  <\/div>\n\n\t\t\t  <!-- Keskisolu (SININEN tausta) -->\n\t\t\t  <div class=\"col-6 col-md-5\">\n\t\t\t\t<div class=\"keto-col-center keto-comparison-item keto-comparison-item-left\">\n\t\t\t\t\t<div class=\"keto-comparison-text-wrapper\">\n\t\t\t\t\t\t<div class=\"keto-comparison-text\">\n\t\t\t\t\t\t\tNo-code, customer-configurable\t\t\t\t\t\t<\/div>\n\t\t\t\t\t<\/div>\n\t\t\t\t<\/div>\n\t\t\t  <\/div>\n\n\t\t\t  <!-- Oikea solu -->\n\t\t\t  <div class=\"col-6 col-md-5\">\n\t\t\t\t<div class=\"keto-comparison-item keto-comparison-item-right\">\n\t\t\t\t\t<div class=\"keto-comparison-text-wrapper\">\n\t\t\t\t\t\t<div class=\"keto-comparison-text\">\n\t\t\t\t\t\t\tComplex, consultant-led\t\t\t\t\t\t<\/div>\n\t\t\t\t\t<\/div>\n\t\t\n\t\t\t\t<\/div>\n\t\t\t  <\/div>\n\n\t\t\t<\/div>\n\t\t  \t\t\t<div class=\"row g-0 keto-comparison-row\">\n\n\t\t\t  <!-- Label-sarake -->\n\t\t\t  <div class=\"col-md-2 col-12 d-md-flex align-items-center\">\n\t\t\t\t<div class=\"keto-comparison-label\">\n\t\t\t\t  Governance\t\t\t\t<\/div>\n\t\t\t  <\/div>\n\n\t\t\t  <!-- Keskisolu (SININEN tausta) -->\n\t\t\t  <div class=\"col-6 col-md-5\">\n\t\t\t\t<div class=\"keto-col-center keto-comparison-item keto-comparison-item-left\">\n\t\t\t\t\t<div class=\"keto-comparison-text-wrapper\">\n\t\t\t\t\t\t<div class=\"keto-comparison-text\">\n\t\t\t\t\t\t\tAdapts to your lifecycle and governance\t\t\t\t\t\t<\/div>\n\t\t\t\t\t<\/div>\n\t\t\t\t<\/div>\n\t\t\t  <\/div>\n\n\t\t\t  <!-- Oikea solu -->\n\t\t\t  <div class=\"col-6 col-md-5\">\n\t\t\t\t<div class=\"keto-comparison-item keto-comparison-item-right\">\n\t\t\t\t\t<div class=\"keto-comparison-text-wrapper\">\n\t\t\t\t\t\t<div class=\"keto-comparison-text\">\n\t\t\t\t\t\t\tEnforced \u201cbest practices\u201d\t\t\t\t\t\t<\/div>\n\t\t\t\t\t<\/div>\n\t\t\n\t\t\t\t<\/div>\n\t\t\t  <\/div>\n\n\t\t\t<\/div>\n\t\t  \t\t\t<div class=\"row g-0 keto-comparison-row\">\n\n\t\t\t  <!-- Label-sarake -->\n\t\t\t  <div class=\"col-md-2 col-12 d-md-flex align-items-center\">\n\t\t\t\t<div class=\"keto-comparison-label\">\n\t\t\t\t  Pricing\t\t\t\t<\/div>\n\t\t\t  <\/div>\n\n\t\t\t  <!-- Keskisolu (SININEN tausta) -->\n\t\t\t  <div class=\"col-6 col-md-5\">\n\t\t\t\t<div class=\"keto-col-center keto-comparison-item keto-comparison-item-left\">\n\t\t\t\t\t<div class=\"keto-comparison-text-wrapper\">\n\t\t\t\t\t\t<div class=\"keto-comparison-text\">\n\t\t\t\t\t\t\tTransparent SaaS. Includes implementation\t\t\t\t\t\t<\/div>\n\t\t\t\t\t<\/div>\n\t\t\t\t<\/div>\n\t\t\t  <\/div>\n\n\t\t\t  <!-- Oikea solu -->\n\t\t\t  <div class=\"col-6 col-md-5\">\n\t\t\t\t<div class=\"keto-comparison-item keto-comparison-item-right\">\n\t\t\t\t\t<div class=\"keto-comparison-text-wrapper\">\n\t\t\t\t\t\t<div class=\"keto-comparison-text\">\n\t\t\t\t\t\t\tRising annual costs, modular add-ons\t\t\t\t\t\t<\/div>\n\t\t\t\t\t<\/div>\n\t\t\n\t\t\t\t<\/div>\n\t\t\t  <\/div>\n\n\t\t\t<\/div>\n\t\t  \t\t\t<div class=\"row g-0 keto-comparison-row\">\n\n\t\t\t  <!-- Label-sarake -->\n\t\t\t  <div class=\"col-md-2 col-12 d-md-flex align-items-center\">\n\t\t\t\t<div class=\"keto-comparison-label\">\n\t\t\t\t  Hosting\t\t\t\t<\/div>\n\t\t\t  <\/div>\n\n\t\t\t  <!-- Keskisolu (SININEN tausta) -->\n\t\t\t  <div class=\"col-6 col-md-5\">\n\t\t\t\t<div class=\"keto-col-center keto-comparison-item keto-comparison-item-left\">\n\t\t\t\t\t<div class=\"keto-comparison-text-wrapper\">\n\t\t\t\t\t\t<div class=\"keto-comparison-text\">\n\t\t\t\t\t\t\tHosted anywhere you need\t\t\t\t\t\t<\/div>\n\t\t\t\t\t<\/div>\n\t\t\t\t<\/div>\n\t\t\t  <\/div>\n\n\t\t\t  <!-- Oikea solu -->\n\t\t\t  <div class=\"col-6 col-md-5\">\n\t\t\t\t<div class=\"keto-comparison-item keto-comparison-item-right\">\n\t\t\t\t\t<div class=\"keto-comparison-text-wrapper\">\n\t\t\t\t\t\t<div class=\"keto-comparison-text\">\n\t\t\t\t\t\t\tStandard EU \/ US\t\t\t\t\t\t<\/div>\n\t\t\t\t\t<\/div>\n\t\t\n\t\t\t\t<\/div>\n\t\t\t  <\/div>\n\n\t\t\t<\/div>\n\t\t  \t\t  \n\t\t  <div class=\"row g-0 keto-comparison-foot\">\n\t\t\t\t<div class=\"col-6 col-md-5 offset-md-2 highlighted-column \">\n\t\t\t\t\t<div class=\"column-bg\">\n\t\t\t\t\t<\/div>\n\t\t\t\t<\/div>\n\t\t\t<\/div>\n\n\t\t<\/div><!-- .keto-comparison-inner -->\n\t  <\/div>\n\t<\/div>\n  <\/div>\n<\/section>\n\n\n<section id=\"compare\" class=\"keto-competitors-section white-logo-replace\">\n  <div class=\"container\">\n\t  <div class=\"row justify-content-center\">\n\t  \t\t<div class=\"col-12 col-lg-6 text-align-center competitor-card-heading\">\n\t  \n\t\t\t\t\t\t\t\t<h2 class=\"who-uses-title\">\n\t\t\t\t\tBuilt for change, not complexity\t\t\t\t<\/h2>\n\t\t\t\t\t\t\t\t\n\t\t\t\t\t\t\t\t<p class=\"who-uses-description\">\n\t\t\t\t\tLearn why Keto is reshaping Strategic Portfolio Management, <br \/>\r\nbreaking away from the old playbook.\t\t\t\t<\/p>\n\t\t\t\t\t\t\t  <\/div>\n\t\t\t  <div class=\"col-12\">\n\n\t\t\t\t\n\t\t\t\t\t\n\t\t\t\t\t<div class=\"row\">\n\t\t\t\t\t\t\t\t\t\t\t<div class=\"col-6 col-md-4 mb-4 \">\n\t\t\t\t\t\t<div class=\"keto-competitor-wrapper\">\n\t\t\t\t\n\t\t\t\t\t\t\t\t\t\t\t\t\t\t<div class=\"keto-competitor-logo d-flex align-items-center justify-content-center shadow\">\n\t\t\t\t\t\t\t\t<a\n\t\t\t\t\t\t\t\thref=\"http:\/\/83.143.220.118\/~keto\/compare-keto\/alternative-to-clarity\/\"\n\t\t\t\t\t\t\t\ttarget=\"_self\"\n\t\t\t\t\t\t\t\t\t\t\t\t\t\t\t\taria-hidden=\"true\"\n\t\t\t\t\t\t\t\ttabindex=\"-1\">\n\t\t\t\t\t\t\t\t<img\n\t\t\t\t\t\t\t\tsrc=\"http:\/\/83.143.220.118\/~keto\/wp-content\/uploads\/2025\/12\/clarity.png\"\n\t\t\t\t\t\t\t\talt=\"\"\n\t\t\t\t\t\t\t\tclass=\"img-fluid\"\n\t\t\t\t\t\t\t\t>\n\t\t\t\t\t\t\t\t<\/a>\n\n\t\t\t\t\t\t\t<\/div>\n\t\t\t\t\t\t\t\t\t\t\t\n\t\t\t\t\t\t\t\t\t\t\t\t\t\t<a class=\"keto-competitor-link\"\n\t\t\t\t\t\t\t\thref=\"http:\/\/83.143.220.118\/~keto\/compare-keto\/alternative-to-clarity\/\"\n\t\t\t\t\t\t\t\ttarget=\"_self\"\n\t\t\t\t\t\t\t\t>\n\t\t\t\t\t\t\t\t\n\t\t\t\t\t\t\t\tCompare Keto vs Clarity (Broadcom)<span class=\"keto-arrow\" aria-hidden=\"true\">&nbsp;&nbsp;\u2192<\/span>\n\t\t\t\t\t\t\t<\/a>\n\t\t\t\t\t\t\t\t\t\t\t\n\t\t\t\t\t\t<\/div>\n\t\t\t\t\t\t<\/div>\n\t\t\t\t\t\t\t\t\t\t\t<div class=\"col-6 col-md-4 mb-4 \">\n\t\t\t\t\t\t<div class=\"keto-competitor-wrapper\">\n\t\t\t\t\n\t\t\t\t\t\t\t\t\t\t\t\t\t\t<div class=\"keto-competitor-logo d-flex align-items-center justify-content-center shadow\">\n\t\t\t\t\t\t\t\t<a\n\t\t\t\t\t\t\t\thref=\"http:\/\/83.143.220.118\/~keto\/compare-keto\/alternative-to-servicenow\/#compare-keto-vs-servicenow\"\n\t\t\t\t\t\t\t\ttarget=\"_self\"\n\t\t\t\t\t\t\t\t\t\t\t\t\t\t\t\taria-hidden=\"true\"\n\t\t\t\t\t\t\t\ttabindex=\"-1\">\n\t\t\t\t\t\t\t\t<img\n\t\t\t\t\t\t\t\tsrc=\"http:\/\/83.143.220.118\/~keto\/wp-content\/uploads\/2025\/12\/servicenow_logo.png\"\n\t\t\t\t\t\t\t\talt=\"\"\n\t\t\t\t\t\t\t\tclass=\"img-fluid\"\n\t\t\t\t\t\t\t\t>\n\t\t\t\t\t\t\t\t<\/a>\n\n\t\t\t\t\t\t\t<\/div>\n\t\t\t\t\t\t\t\t\t\t\t\n\t\t\t\t\t\t\t\t\t\t\t\t\t\t<a class=\"keto-competitor-link\"\n\t\t\t\t\t\t\t\thref=\"http:\/\/83.143.220.118\/~keto\/compare-keto\/alternative-to-servicenow\/#compare-keto-vs-servicenow\"\n\t\t\t\t\t\t\t\ttarget=\"_self\"\n\t\t\t\t\t\t\t\t>\n\t\t\t\t\t\t\t\t\n\t\t\t\t\t\t\t\tCompare Keto vs ServiceNow<span class=\"keto-arrow\" aria-hidden=\"true\">&nbsp;&nbsp;\u2192<\/span>\n\t\t\t\t\t\t\t<\/a>\n\t\t\t\t\t\t\t\t\t\t\t\n\t\t\t\t\t\t<\/div>\n\t\t\t\t\t\t<\/div>\n\t\t\t\t\t\t\t\t\t\t\t<div class=\"col-6 col-md-4 mb-4 \">\n\t\t\t\t\t\t<div class=\"keto-competitor-wrapper\">\n\t\t\t\t\n\t\t\t\t\t\t\t\t\t\t\t\t\t\t<div class=\"keto-competitor-logo d-flex align-items-center justify-content-center shadow\">\n\t\t\t\t\t\t\t\t<a\n\t\t\t\t\t\t\t\thref=\"http:\/\/83.143.220.118\/~keto\/compare-keto\/alternative-to-planview\/#alternative-to-planview\"\n\t\t\t\t\t\t\t\ttarget=\"_self\"\n\t\t\t\t\t\t\t\t\t\t\t\t\t\t\t\taria-hidden=\"true\"\n\t\t\t\t\t\t\t\ttabindex=\"-1\">\n\t\t\t\t\t\t\t\t<img\n\t\t\t\t\t\t\t\tsrc=\"http:\/\/83.143.220.118\/~keto\/wp-content\/uploads\/2025\/12\/planview_logo.png\"\n\t\t\t\t\t\t\t\talt=\"\"\n\t\t\t\t\t\t\t\tclass=\"img-fluid\"\n\t\t\t\t\t\t\t\t>\n\t\t\t\t\t\t\t\t<\/a>\n\n\t\t\t\t\t\t\t<\/div>\n\t\t\t\t\t\t\t\t\t\t\t\n\t\t\t\t\t\t\t\t\t\t\t\t\t\t<a class=\"keto-competitor-link\"\n\t\t\t\t\t\t\t\thref=\"http:\/\/83.143.220.118\/~keto\/compare-keto\/alternative-to-planview\/#alternative-to-planview\"\n\t\t\t\t\t\t\t\ttarget=\"_self\"\n\t\t\t\t\t\t\t\t>\n\t\t\t\t\t\t\t\t\n\t\t\t\t\t\t\t\tCompare Keto vs Planview<span class=\"keto-arrow\" aria-hidden=\"true\">&nbsp;&nbsp;\u2192<\/span>\n\t\t\t\t\t\t\t<\/a>\n\t\t\t\t\t\t\t\t\t\t\t\n\t\t\t\t\t\t<\/div>\n\t\t\t\t\t\t<\/div>\n\t\t\t\t\t\t\t\t\t\t<\/div>\n\t\t\t  <\/div>\n\t  <\/div>\n  <\/div>\n<\/section>\n\n\n\n<section class=\"platform-feature-panel-section white-logo-replace\">\n\t<div class=\"container position-relative\">\n\t\t<div class=\"row m-0 flex-column flex-row-lg\">\n\t\t\t<div class=\"panel-content\">\n\t\t\t\t\n\t\t\t\t<h2>\n\t\t\t\t\tSee why enterprises are switching to KetoAI+.\t\t\t\t<\/h2>\n\t\t\t\t<p>\n\t\t\t\t\tBuilt for Strategic Portfolio Management from day one. AI-native, single database, transparent SaaS model. Implementation included. Live in weeks. \u2028\t\t\t\t<\/p>\n\t\t\t\t<div class=\"panel-cta\">\n\t\t\t\t\t\t\t\t\t\t\t<a class=\"button\" href=\"http:\/\/83.143.220.118\/~keto\/enquire-now\/\" target=\"_self\">Request a demo<\/a>\n\t\t\t\t\t\t\t\t\t\t\n\t\t\t\t\t\t\t\t\t\t<span class=\"microcopy\">\n\t\t\t\t\t\tNo rebrands. No hidden fees. No waiting.\t\t\t\t\t<\/span>\n\t\t\t\t\t\t\t\t\t<\/div>\n\t\t\t<\/div>\n\t\t\t<div class=\"background-image blue-bg\">\n\t\t\t\t<img width=\"1355\" height=\"637\" src=\"http:\/\/83.143.220.118\/~keto\/wp-content\/uploads\/2025\/08\/keto_ai_screen.png\" class=\"\" alt=\"\" sizes=\"auto, (min-width:1200px) calc(1200px * 0.50), 100vw\" loading=\"lazy\" fetchpriority=\"\" decoding=\"async\" srcset=\"http:\/\/83.143.220.118\/~keto\/wp-content\/uploads\/2025\/08\/keto_ai_screen.png 1355w, http:\/\/83.143.220.118\/~keto\/wp-content\/uploads\/2025\/08\/keto_ai_screen-300x141.png 300w, http:\/\/83.143.220.118\/~keto\/wp-content\/uploads\/2025\/08\/keto_ai_screen-1024x481.png 1024w, http:\/\/83.143.220.118\/~keto\/wp-content\/uploads\/2025\/08\/keto_ai_screen-768x361.png 768w, http:\/\/83.143.220.118\/~keto\/wp-content\/uploads\/2025\/08\/keto_ai_screen-480x226.png 480w\" \/>\t\t\t\t\n\t\t\t<\/div>\n\t\t<\/div>\n\t<\/div>\n<\/section>\n ","protected":false},"excerpt":{"rendered":"","protected":false},"author":1,"featured_media":0,"parent":0,"menu_order":0,"comment_status":"closed","ping_status":"closed","template":"","meta":{"_acf_changed":false,"content-type":"","footnotes":""},"class_list":["post-1358","page","type-page","status-publish","hentry"],"acf":[],"_links":{"self":[{"href":"http:\/\/83.143.220.118\/~keto\/wp-json\/wp\/v2\/pages\/1358","targetHints":{"allow":["GET"]}}],"collection":[{"href":"http:\/\/83.143.220.118\/~keto\/wp-json\/wp\/v2\/pages"}],"about":[{"href":"http:\/\/83.143.220.118\/~keto\/wp-json\/wp\/v2\/types\/page"}],"author":[{"embeddable":true,"href":"http:\/\/83.143.220.118\/~keto\/wp-json\/wp\/v2\/users\/1"}],"replies":[{"embeddable":true,"href":"http:\/\/83.143.220.118\/~keto\/wp-json\/wp\/v2\/comments?post=1358"}],"version-history":[{"count":17,"href":"http:\/\/83.143.220.118\/~keto\/wp-json\/wp\/v2\/pages\/1358\/revisions"}],"predecessor-version":[{"id":1444,"href":"http:\/\/83.143.220.118\/~keto\/wp-json\/wp\/v2\/pages\/1358\/revisions\/1444"}],"wp:attachment":[{"href":"http:\/\/83.143.220.118\/~keto\/wp-json\/wp\/v2\/media?parent=1358"}],"curies":[{"name":"wp","href":"https:\/\/api.w.org\/{rel}","templated":true}]}}